Dec 02 08:26:21.324 INFO testing DanielReimer/Reminder-Bot against master#8940af3cea4a9a9deabcaf843b2f8cad9a83fc61 for beta-1.31-5
Dec 02 08:26:21.324 INFO running `"docker" "create" "-v" "/mnt/big/crater/work/local/target-dirs/beta-1.31-5/worker-7/master#8940af3cea4a9a9deabcaf843b2f8cad9a83fc61:/target:rw,Z" "-v" "/mnt/big/crater/work/local/test-source/worker-7/beta-1.31-5/master#8940af3cea4a9a9deabcaf843b2f8cad9a83fc61:/source:ro,Z" "-v" "/mnt/big/crater/work/local/cargo-home:/cargo-home:ro,Z" "-v" "/mnt/big/crater/work/local/rustup-home:/rustup-home:ro,Z" "-e" "USER_ID=1000" "-e" "SOURCE_DIR=/source" "-e" "USER_ID=1000" "-e" "CMD=cargo +8940af3cea4a9a9deabcaf843b2f8cad9a83fc61-alt build --frozen" "-e" "CARGO_TARGET_DIR=/target" "-e" "CARGO_INCREMENTAL=0" "-e" "RUST_BACKTRACE=full" "-e" "RUSTFLAGS=--cap-lints=warn" "-e" "CARGO_HOME=/cargo-home" "-e" "RUSTUP_HOME=/rustup-home" "-m" "1536M" "--network" "none" "crater"`
Dec 02 08:26:21.845 INFO [stdout] ed6b4c919949ac4e182f80f04bbaa93aa69229944d25b7fe5332b970510095ab
Dec 02 08:26:21.847 INFO running `"docker" "start" "-a" "ed6b4c919949ac4e182f80f04bbaa93aa69229944d25b7fe5332b970510095ab"`
Dec 02 08:26:24.183 INFO [stderr] usermod: no changes
Dec 02 08:26:24.446 INFO [stderr]    Compiling atoi v0.2.3
Dec 02 08:26:24.447 INFO [stderr]    Compiling chrono v0.4.2
Dec 02 08:26:24.455 INFO [stderr]    Compiling syn v0.13.4
Dec 02 08:26:24.456 INFO [stderr]    Compiling syn v0.12.15
Dec 02 08:26:24.458 INFO [stderr]    Compiling tokio-mockstream v1.1.0
Dec 02 08:26:24.459 INFO [stderr]    Compiling backtrace v0.3.6
Dec 02 08:26:24.459 INFO [stderr]    Compiling dotenv v0.9.0
Dec 02 08:26:24.460 INFO [stderr]    Compiling tokio-tls v0.1.4
Dec 02 08:26:31.688 INFO [stderr]    Compiling failure v0.1.1
Dec 02 08:26:51.431 INFO [stderr]    Compiling serde_derive_internals v0.23.1
Dec 02 08:26:59.531 INFO [stderr]    Compiling diesel_derives v1.2.0
Dec 02 08:27:04.402 INFO [stderr]    Compiling serde_derive v1.0.43
Dec 02 08:27:10.741 INFO [stderr]    Compiling diesel v1.2.2
Dec 02 08:27:22.355 INFO [stderr]    Compiling irc v0.13.5
Dec 02 08:27:59.343 INFO [stderr]    Compiling reminder_bot v0.1.0 (/source)
Dec 02 08:28:01.049 INFO [stderr] warning: cannot find type `table` in this scope
Dec 02 08:28:01.049 INFO [stderr]    --> <::diesel::macros::table_body macros>:165:33
Dec 02 08:28:01.049 INFO [stderr]     |
Dec 02 08:28:01.049 INFO [stderr] 165 | derive ( Debug , Clone , Copy , QueryId ) ] /// The actual table struct
Dec 02 08:28:01.049 INFO [stderr]     |                                 ^^^^^^^ names from parent modules are not accessible without an explicit import
Dec 02 08:28:01.049 INFO [stderr]     |
Dec 02 08:28:01.049 INFO [stderr]     = note: #[warn(proc_macro_derive_resolution_fallback)] on by default
Dec 02 08:28:01.049 INFO [stderr]     = warning: this was previously accepted by the compiler but is being phased out; it will become a hard error in a future release!
Dec 02 08:28:01.049 INFO [stderr]     = note: for more information, see issue #50504 <https://github.com/rust-lang/rust/issues/50504>
Dec 02 08:28:01.049 INFO [stderr] 
Dec 02 08:28:01.049 INFO [stderr] warning: cannot find type `table` in this scope
Dec 02 08:28:01.049 INFO [stderr]    --> <::diesel::macros::table_body macros>:165:33
Dec 02 08:28:01.049 INFO [stderr]     |
Dec 02 08:28:01.049 INFO [stderr] 165 | derive ( Debug , Clone , Copy , QueryId ) ] /// The actual table struct
Dec 02 08:28:01.049 INFO [stderr]     |                                 ^^^^^^^ names from parent modules are not accessible without an explicit import
Dec 02 08:28:01.049 INFO [stderr]     |
Dec 02 08:28:01.049 INFO [stderr]     = warning: this was previously accepted by the compiler but is being phased out; it will become a hard error in a future release!
Dec 02 08:28:01.049 INFO [stderr]     = note: for more information, see issue #50504 <https://github.com/rust-lang/rust/issues/50504>
Dec 02 08:28:01.049 INFO [stderr] 
Dec 02 08:28:01.049 INFO [stderr] warning: cannot find type `id` in this scope
Dec 02 08:28:01.049 INFO [stderr]  --> <::diesel::macros::__diesel_column macros>:5:33
Dec 02 08:28:01.049 INFO [stderr]   |
Dec 02 08:28:01.049 INFO [stderr] 5 | derive ( Debug , Clone , Copy , QueryId , Default ) ] pub struct $ column_name
Dec 02 08:28:01.049 INFO [stderr]   |                                 ^^^^^^^ names from parent modules are not accessible without an explicit import
Dec 02 08:28:01.049 INFO [stderr]   |
Dec 02 08:28:01.049 INFO [stderr]   = warning: this was previously accepted by the compiler but is being phased out; it will become a hard error in a future release!
Dec 02 08:28:01.055 INFO [stderr]   = note: for more information, see issue #50504 <https://github.com/rust-lang/rust/issues/50504>
Dec 02 08:28:01.055 INFO [stderr] 
Dec 02 08:28:01.055 INFO [stderr] warning: cannot find type `nick` in this scope
Dec 02 08:28:01.055 INFO [stderr]  --> <::diesel::macros::__diesel_column macros>:5:33
Dec 02 08:28:01.055 INFO [stderr]   |
Dec 02 08:28:01.055 INFO [stderr] 5 | derive ( Debug , Clone , Copy , QueryId , Default ) ] pub struct $ column_name
Dec 02 08:28:01.055 INFO [stderr]   |                                 ^^^^^^^ names from parent modules are not accessible without an explicit import
Dec 02 08:28:01.055 INFO [stderr]   |
Dec 02 08:28:01.055 INFO [stderr]   = warning: this was previously accepted by the compiler but is being phased out; it will become a hard error in a future release!
Dec 02 08:28:01.055 INFO [stderr]   = note: for more information, see issue #50504 <https://github.com/rust-lang/rust/issues/50504>
Dec 02 08:28:01.055 INFO [stderr] 
Dec 02 08:28:01.055 INFO [stderr] warning: cannot find type `channel` in this scope
Dec 02 08:28:01.055 INFO [stderr]  --> <::diesel::macros::__diesel_column macros>:5:33
Dec 02 08:28:01.055 INFO [stderr]   |
Dec 02 08:28:01.055 INFO [stderr] 5 | derive ( Debug , Clone , Copy , QueryId , Default ) ] pub struct $ column_name
Dec 02 08:28:01.055 INFO [stderr]   |                                 ^^^^^^^ names from parent modules are not accessible without an explicit import
Dec 02 08:28:01.055 INFO [stderr]   |
Dec 02 08:28:01.055 INFO [stderr]   = warning: this was previously accepted by the compiler but is being phased out; it will become a hard error in a future release!
Dec 02 08:28:01.055 INFO [stderr]   = note: for more information, see issue #50504 <https://github.com/rust-lang/rust/issues/50504>
Dec 02 08:28:01.055 INFO [stderr] 
Dec 02 08:28:01.055 INFO [stderr] warning: cannot find type `set_time` in this scope
Dec 02 08:28:01.055 INFO [stderr]  --> <::diesel::macros::__diesel_column macros>:5:33
Dec 02 08:28:01.055 INFO [stderr]   |
Dec 02 08:28:01.055 INFO [stderr] 5 | derive ( Debug , Clone , Copy , QueryId , Default ) ] pub struct $ column_name
Dec 02 08:28:01.055 INFO [stderr]   |                                 ^^^^^^^ names from parent modules are not accessible without an explicit import
Dec 02 08:28:01.055 INFO [stderr]   |
Dec 02 08:28:01.055 INFO [stderr]   = warning: this was previously accepted by the compiler but is being phased out; it will become a hard error in a future release!
Dec 02 08:28:01.055 INFO [stderr]   = note: for more information, see issue #50504 <https://github.com/rust-lang/rust/issues/50504>
Dec 02 08:28:01.055 INFO [stderr] 
Dec 02 08:28:01.055 INFO [stderr] warning: cannot find type `remind_time` in this scope
Dec 02 08:28:01.055 INFO [stderr]  --> <::diesel::macros::__diesel_column macros>:5:33
Dec 02 08:28:01.055 INFO [stderr]   |
Dec 02 08:28:01.055 INFO [stderr] 5 | derive ( Debug , Clone , Copy , QueryId , Default ) ] pub struct $ column_name
Dec 02 08:28:01.055 INFO [stderr]   |                                 ^^^^^^^ names from parent modules are not accessible without an explicit import
Dec 02 08:28:01.055 INFO [stderr]   |
Dec 02 08:28:01.055 INFO [stderr]   = warning: this was previously accepted by the compiler but is being phased out; it will become a hard error in a future release!
Dec 02 08:28:01.055 INFO [stderr]   = note: for more information, see issue #50504 <https://github.com/rust-lang/rust/issues/50504>
Dec 02 08:28:01.055 INFO [stderr] 
Dec 02 08:28:01.055 INFO [stderr] warning: cannot find type `reminded` in this scope
Dec 02 08:28:01.055 INFO [stderr]  --> <::diesel::macros::__diesel_column macros>:5:33
Dec 02 08:28:01.056 INFO [stderr]   |
Dec 02 08:28:01.056 INFO [stderr] 5 | derive ( Debug , Clone , Copy , QueryId , Default ) ] pub struct $ column_name
Dec 02 08:28:01.056 INFO [stderr]   |                                 ^^^^^^^ names from parent modules are not accessible without an explicit import
Dec 02 08:28:01.056 INFO [stderr]   |
Dec 02 08:28:01.056 INFO [stderr]   = warning: this was previously accepted by the compiler but is being phased out; it will become a hard error in a future release!
Dec 02 08:28:01.056 INFO [stderr]   = note: for more information, see issue #50504 <https://github.com/rust-lang/rust/issues/50504>
Dec 02 08:28:01.056 INFO [stderr] 
Dec 02 08:28:01.056 INFO [stderr] warning: cannot find type `remind_message` in this scope
Dec 02 08:28:01.056 INFO [stderr]  --> <::diesel::macros::__diesel_column macros>:5:33
Dec 02 08:28:01.056 INFO [stderr]   |
Dec 02 08:28:01.056 INFO [stderr] 5 | derive ( Debug , Clone , Copy , QueryId , Default ) ] pub struct $ column_name
Dec 02 08:28:01.056 INFO [stderr]   |                                 ^^^^^^^ names from parent modules are not accessible without an explicit import
Dec 02 08:28:01.056 INFO [stderr]   |
Dec 02 08:28:01.056 INFO [stderr]   = warning: this was previously accepted by the compiler but is being phased out; it will become a hard error in a future release!
Dec 02 08:28:01.056 INFO [stderr]   = note: for more information, see issue #50504 <https://github.com/rust-lang/rust/issues/50504>
Dec 02 08:28:01.056 INFO [stderr] 
Dec 02 08:28:01.056 INFO [stderr] warning: cannot find type `Reminder` in this scope
Dec 02 08:28:01.056 INFO [stderr]  --> src/models.rs:9:10
Dec 02 08:28:01.056 INFO [stderr]   |
Dec 02 08:28:01.056 INFO [stderr] 9 | #[derive(Queryable)]
Dec 02 08:28:01.056 INFO [stderr]   |          ^^^^^^^^^ names from parent modules are not accessible without an explicit import
Dec 02 08:28:01.056 INFO [stderr]   |
Dec 02 08:28:01.056 INFO [stderr]   = warning: this was previously accepted by the compiler but is being phased out; it will become a hard error in a future release!
Dec 02 08:28:01.056 INFO [stderr]   = note: for more information, see issue #50504 <https://github.com/rust-lang/rust/issues/50504>
Dec 02 08:28:01.056 INFO [stderr] 
Dec 02 08:28:01.056 INFO [stderr] warning: cannot find type `reminders` in this scope
Dec 02 08:28:01.056 INFO [stderr]   --> src/models.rs:21:10
Dec 02 08:28:01.056 INFO [stderr]    |
Dec 02 08:28:01.056 INFO [stderr] 21 | #[derive(Insertable)]
Dec 02 08:28:01.056 INFO [stderr]    |          ^^^^^^^^^^ names from parent modules are not accessible without an explicit import
Dec 02 08:28:01.056 INFO [stderr]    |
Dec 02 08:28:01.056 INFO [stderr]    = warning: this was previously accepted by the compiler but is being phased out; it will become a hard error in a future release!
Dec 02 08:28:01.056 INFO [stderr]    = note: for more information, see issue #50504 <https://github.com/rust-lang/rust/issues/50504>
Dec 02 08:28:01.056 INFO [stderr] 
Dec 02 08:28:01.056 INFO [stderr] warning: cannot find type `NewReminder` in this scope
Dec 02 08:28:01.056 INFO [stderr]   --> src/models.rs:21:10
Dec 02 08:28:01.056 INFO [stderr]    |
Dec 02 08:28:01.056 INFO [stderr] 21 | #[derive(Insertable)]
Dec 02 08:28:01.056 INFO [stderr]    |          ^^^^^^^^^^ names from parent modules are not accessible without an explicit import
Dec 02 08:28:01.056 INFO [stderr]    |
Dec 02 08:28:01.056 INFO [stderr]    = warning: this was previously accepted by the compiler but is being phased out; it will become a hard error in a future release!
Dec 02 08:28:01.056 INFO [stderr]    = note: for more information, see issue #50504 <https://github.com/rust-lang/rust/issues/50504>
Dec 02 08:28:01.056 INFO [stderr] 
Dec 02 08:28:15.627 INFO [stderr]     Finished dev [unoptimized + debuginfo] target(s) in 1m 51s
Dec 02 08:28:15.641 INFO [stderr] su: No module specific data is present
Dec 02 08:28:16.068 INFO running `"docker" "inspect" "ed6b4c919949ac4e182f80f04bbaa93aa69229944d25b7fe5332b970510095ab"`
Dec 02 08:28:16.187 INFO running `"docker" "rm" "-f" "ed6b4c919949ac4e182f80f04bbaa93aa69229944d25b7fe5332b970510095ab"`
Dec 02 08:28:16.264 INFO [stdout] ed6b4c919949ac4e182f80f04bbaa93aa69229944d25b7fe5332b970510095ab
Dec 02 08:28:16.266 INFO running `"docker" "create" "-v" "/mnt/big/crater/work/local/target-dirs/beta-1.31-5/worker-7/master#8940af3cea4a9a9deabcaf843b2f8cad9a83fc61:/target:rw,Z" "-v" "/mnt/big/crater/work/local/test-source/worker-7/beta-1.31-5/master#8940af3cea4a9a9deabcaf843b2f8cad9a83fc61:/source:ro,Z" "-v" "/mnt/big/crater/work/local/cargo-home:/cargo-home:ro,Z" "-v" "/mnt/big/crater/work/local/rustup-home:/rustup-home:ro,Z" "-e" "USER_ID=1000" "-e" "SOURCE_DIR=/source" "-e" "USER_ID=1000" "-e" "CMD=cargo +8940af3cea4a9a9deabcaf843b2f8cad9a83fc61-alt test --frozen --no-run" "-e" "CARGO_TARGET_DIR=/target" "-e" "CARGO_INCREMENTAL=0" "-e" "RUST_BACKTRACE=full" "-e" "RUSTFLAGS=--cap-lints=warn" "-e" "CARGO_HOME=/cargo-home" "-e" "RUSTUP_HOME=/rustup-home" "-m" "1536M" "--network" "none" "crater"`
Dec 02 08:28:16.516 INFO [stdout] e473b80854268cbb8ac89498ecbf1b4bac44ea4d75c0c71fe14db5d1d2d486f9
Dec 02 08:28:16.520 INFO running `"docker" "start" "-a" "e473b80854268cbb8ac89498ecbf1b4bac44ea4d75c0c71fe14db5d1d2d486f9"`
Dec 02 08:28:17.042 INFO [stderr] usermod: no changes
Dec 02 08:28:17.283 INFO [stderr]    Compiling reminder_bot v0.1.0 (/source)
Dec 02 08:28:19.771 INFO [stderr] warning: cannot find type `table` in this scope
Dec 02 08:28:19.771 INFO [stderr]    --> <::diesel::macros::table_body macros>:165:33
Dec 02 08:28:19.772 INFO [stderr]     |
Dec 02 08:28:19.772 INFO [stderr] 165 | derive ( Debug , Clone , Copy , QueryId ) ] /// The actual table struct
Dec 02 08:28:19.772 INFO [stderr]     |                                 ^^^^^^^ names from parent modules are not accessible without an explicit import
Dec 02 08:28:19.772 INFO [stderr]     |
Dec 02 08:28:19.772 INFO [stderr]     = note: #[warn(proc_macro_derive_resolution_fallback)] on by default
Dec 02 08:28:19.772 INFO [stderr]     = warning: this was previously accepted by the compiler but is being phased out; it will become a hard error in a future release!
Dec 02 08:28:19.772 INFO [stderr]     = note: for more information, see issue #50504 <https://github.com/rust-lang/rust/issues/50504>
Dec 02 08:28:19.772 INFO [stderr] 
Dec 02 08:28:19.772 INFO [stderr] warning: cannot find type `table` in this scope
Dec 02 08:28:19.772 INFO [stderr]    --> <::diesel::macros::table_body macros>:165:33
Dec 02 08:28:19.772 INFO [stderr]     |
Dec 02 08:28:19.772 INFO [stderr] 165 | derive ( Debug , Clone , Copy , QueryId ) ] /// The actual table struct
Dec 02 08:28:19.772 INFO [stderr]     |                                 ^^^^^^^ names from parent modules are not accessible without an explicit import
Dec 02 08:28:19.772 INFO [stderr]     |
Dec 02 08:28:19.772 INFO [stderr]     = warning: this was previously accepted by the compiler but is being phased out; it will become a hard error in a future release!
Dec 02 08:28:19.772 INFO [stderr]     = note: for more information, see issue #50504 <https://github.com/rust-lang/rust/issues/50504>
Dec 02 08:28:19.772 INFO [stderr] 
Dec 02 08:28:19.772 INFO [stderr] warning: cannot find type `id` in this scope
Dec 02 08:28:19.772 INFO [stderr]  --> <::diesel::macros::__diesel_column macros>:5:33
Dec 02 08:28:19.772 INFO [stderr]   |
Dec 02 08:28:19.772 INFO [stderr] 5 | derive ( Debug , Clone , Copy , QueryId , Default ) ] pub struct $ column_name
Dec 02 08:28:19.772 INFO [stderr]   |                                 ^^^^^^^ names from parent modules are not accessible without an explicit import
Dec 02 08:28:19.772 INFO [stderr]   |
Dec 02 08:28:19.772 INFO [stderr]   = warning: this was previously accepted by the compiler but is being phased out; it will become a hard error in a future release!
Dec 02 08:28:19.772 INFO [stderr]   = note: for more information, see issue #50504 <https://github.com/rust-lang/rust/issues/50504>
Dec 02 08:28:19.773 INFO [stderr] 
Dec 02 08:28:19.773 INFO [stderr] warning: cannot find type `nick` in this scope
Dec 02 08:28:19.773 INFO [stderr]  --> <::diesel::macros::__diesel_column macros>:5:33
Dec 02 08:28:19.773 INFO [stderr]   |
Dec 02 08:28:19.773 INFO [stderr] 5 | derive ( Debug , Clone , Copy , QueryId , Default ) ] pub struct $ column_name
Dec 02 08:28:19.773 INFO [stderr]   |                                 ^^^^^^^ names from parent modules are not accessible without an explicit import
Dec 02 08:28:19.773 INFO [stderr]   |
Dec 02 08:28:19.773 INFO [stderr]   = warning: this was previously accepted by the compiler but is being phased out; it will become a hard error in a future release!
Dec 02 08:28:19.773 INFO [stderr]   = note: for more information, see issue #50504 <https://github.com/rust-lang/rust/issues/50504>
Dec 02 08:28:19.773 INFO [stderr] 
Dec 02 08:28:19.773 INFO [stderr] warning: cannot find type `channel` in this scope
Dec 02 08:28:19.773 INFO [stderr]  --> <::diesel::macros::__diesel_column macros>:5:33
Dec 02 08:28:19.773 INFO [stderr]   |
Dec 02 08:28:19.773 INFO [stderr] 5 | derive ( Debug , Clone , Copy , QueryId , Default ) ] pub struct $ column_name
Dec 02 08:28:19.773 INFO [stderr]   |                                 ^^^^^^^ names from parent modules are not accessible without an explicit import
Dec 02 08:28:19.773 INFO [stderr]   |
Dec 02 08:28:19.773 INFO [stderr]   = warning: this was previously accepted by the compiler but is being phased out; it will become a hard error in a future release!
Dec 02 08:28:19.773 INFO [stderr]   = note: for more information, see issue #50504 <https://github.com/rust-lang/rust/issues/50504>
Dec 02 08:28:19.773 INFO [stderr] 
Dec 02 08:28:19.773 INFO [stderr] warning: cannot find type `set_time` in this scope
Dec 02 08:28:19.773 INFO [stderr]  --> <::diesel::macros::__diesel_column macros>:5:33
Dec 02 08:28:19.773 INFO [stderr]   |
Dec 02 08:28:19.773 INFO [stderr] 5 | derive ( Debug , Clone , Copy , QueryId , Default ) ] pub struct $ column_name
Dec 02 08:28:19.773 INFO [stderr]   |                                 ^^^^^^^ names from parent modules are not accessible without an explicit import
Dec 02 08:28:19.773 INFO [stderr]   |
Dec 02 08:28:19.774 INFO [stderr]   = warning: this was previously accepted by the compiler but is being phased out; it will become a hard error in a future release!
Dec 02 08:28:19.774 INFO [stderr]   = note: for more information, see issue #50504 <https://github.com/rust-lang/rust/issues/50504>
Dec 02 08:28:19.774 INFO [stderr] 
Dec 02 08:28:19.774 INFO [stderr] warning: cannot find type `remind_time` in this scope
Dec 02 08:28:19.774 INFO [stderr]  --> <::diesel::macros::__diesel_column macros>:5:33
Dec 02 08:28:19.774 INFO [stderr]   |
Dec 02 08:28:19.774 INFO [stderr] 5 | derive ( Debug , Clone , Copy , QueryId , Default ) ] pub struct $ column_name
Dec 02 08:28:19.774 INFO [stderr]   |                                 ^^^^^^^ names from parent modules are not accessible without an explicit import
Dec 02 08:28:19.774 INFO [stderr]   |
Dec 02 08:28:19.774 INFO [stderr]   = warning: this was previously accepted by the compiler but is being phased out; it will become a hard error in a future release!
Dec 02 08:28:19.775 INFO [stderr]   = note: for more information, see issue #50504 <https://github.com/rust-lang/rust/issues/50504>
Dec 02 08:28:19.775 INFO [stderr] 
Dec 02 08:28:19.775 INFO [stderr] warning: cannot find type `reminded` in this scope
Dec 02 08:28:19.775 INFO [stderr]  --> <::diesel::macros::__diesel_column macros>:5:33
Dec 02 08:28:19.775 INFO [stderr]   |
Dec 02 08:28:19.775 INFO [stderr] 5 | derive ( Debug , Clone , Copy , QueryId , Default ) ] pub struct $ column_name
Dec 02 08:28:19.775 INFO [stderr]   |                                 ^^^^^^^ names from parent modules are not accessible without an explicit import
Dec 02 08:28:19.775 INFO [stderr]   |
Dec 02 08:28:19.775 INFO [stderr]   = warning: this was previously accepted by the compiler but is being phased out; it will become a hard error in a future release!
Dec 02 08:28:19.775 INFO [stderr]   = note: for more information, see issue #50504 <https://github.com/rust-lang/rust/issues/50504>
Dec 02 08:28:19.775 INFO [stderr] 
Dec 02 08:28:19.775 INFO [stderr] warning: cannot find type `remind_message` in this scope
Dec 02 08:28:19.775 INFO [stderr]  --> <::diesel::macros::__diesel_column macros>:5:33
Dec 02 08:28:19.776 INFO [stderr]   |
Dec 02 08:28:19.776 INFO [stderr] 5 | derive ( Debug , Clone , Copy , QueryId , Default ) ] pub struct $ column_name
Dec 02 08:28:19.776 INFO [stderr]   |                                 ^^^^^^^ names from parent modules are not accessible without an explicit import
Dec 02 08:28:19.776 INFO [stderr]   |
Dec 02 08:28:19.776 INFO [stderr]   = warning: this was previously accepted by the compiler but is being phased out; it will become a hard error in a future release!
Dec 02 08:28:19.776 INFO [stderr]   = note: for more information, see issue #50504 <https://github.com/rust-lang/rust/issues/50504>
Dec 02 08:28:19.776 INFO [stderr] 
Dec 02 08:28:19.776 INFO [stderr] warning: cannot find type `Reminder` in this scope
Dec 02 08:28:19.776 INFO [stderr]  --> src/models.rs:9:10
Dec 02 08:28:19.776 INFO [stderr]   |
Dec 02 08:28:19.777 INFO [stderr] 9 | #[derive(Queryable)]
Dec 02 08:28:19.777 INFO [stderr]   |          ^^^^^^^^^ names from parent modules are not accessible without an explicit import
Dec 02 08:28:19.777 INFO [stderr]   |
Dec 02 08:28:19.777 INFO [stderr]   = warning: this was previously accepted by the compiler but is being phased out; it will become a hard error in a future release!
Dec 02 08:28:19.777 INFO [stderr]   = note: for more information, see issue #50504 <https://github.com/rust-lang/rust/issues/50504>
Dec 02 08:28:19.777 INFO [stderr] 
Dec 02 08:28:19.777 INFO [stderr] warning: cannot find type `reminders` in this scope
Dec 02 08:28:19.777 INFO [stderr]   --> src/models.rs:21:10
Dec 02 08:28:19.777 INFO [stderr]    |
Dec 02 08:28:19.777 INFO [stderr] 21 | #[derive(Insertable)]
Dec 02 08:28:19.777 INFO [stderr]    |          ^^^^^^^^^^ names from parent modules are not accessible without an explicit import
Dec 02 08:28:19.778 INFO [stderr]    |
Dec 02 08:28:19.778 INFO [stderr]    = warning: this was previously accepted by the compiler but is being phased out; it will become a hard error in a future release!
Dec 02 08:28:19.778 INFO [stderr]    = note: for more information, see issue #50504 <https://github.com/rust-lang/rust/issues/50504>
Dec 02 08:28:19.778 INFO [stderr] 
Dec 02 08:28:19.778 INFO [stderr] warning: cannot find type `NewReminder` in this scope
Dec 02 08:28:19.778 INFO [stderr]   --> src/models.rs:21:10
Dec 02 08:28:19.779 INFO [stderr]    |
Dec 02 08:28:19.779 INFO [stderr] 21 | #[derive(Insertable)]
Dec 02 08:28:19.779 INFO [stderr]    |          ^^^^^^^^^^ names from parent modules are not accessible without an explicit import
Dec 02 08:28:19.779 INFO [stderr]    |
Dec 02 08:28:19.779 INFO [stderr]    = warning: this was previously accepted by the compiler but is being phased out; it will become a hard error in a future release!
Dec 02 08:28:19.779 INFO [stderr]    = note: for more information, see issue #50504 <https://github.com/rust-lang/rust/issues/50504>
Dec 02 08:28:19.779 INFO [stderr] 
Dec 02 08:28:24.279 INFO [stderr]     Finished dev [unoptimized + debuginfo] target(s) in 7.19s
Dec 02 08:28:24.283 INFO [stderr] su: No module specific data is present
Dec 02 08:28:24.886 INFO running `"docker" "inspect" "e473b80854268cbb8ac89498ecbf1b4bac44ea4d75c0c71fe14db5d1d2d486f9"`
Dec 02 08:28:25.091 INFO running `"docker" "rm" "-f" "e473b80854268cbb8ac89498ecbf1b4bac44ea4d75c0c71fe14db5d1d2d486f9"`
Dec 02 08:28:25.395 INFO [stdout] e473b80854268cbb8ac89498ecbf1b4bac44ea4d75c0c71fe14db5d1d2d486f9
Dec 02 08:28:25.399 INFO running `"docker" "create" "-v" "/mnt/big/crater/work/local/target-dirs/beta-1.31-5/worker-7/master#8940af3cea4a9a9deabcaf843b2f8cad9a83fc61:/target:rw,Z" "-v" "/mnt/big/crater/work/local/test-source/worker-7/beta-1.31-5/master#8940af3cea4a9a9deabcaf843b2f8cad9a83fc61:/source:ro,Z" "-v" "/mnt/big/crater/work/local/cargo-home:/cargo-home:ro,Z" "-v" "/mnt/big/crater/work/local/rustup-home:/rustup-home:ro,Z" "-e" "USER_ID=1000" "-e" "SOURCE_DIR=/source" "-e" "USER_ID=1000" "-e" "CMD=cargo +8940af3cea4a9a9deabcaf843b2f8cad9a83fc61-alt test --frozen" "-e" "CARGO_TARGET_DIR=/target" "-e" "CARGO_INCREMENTAL=0" "-e" "RUST_BACKTRACE=full" "-e" "RUSTFLAGS=--cap-lints=warn" "-e" "CARGO_HOME=/cargo-home" "-e" "RUSTUP_HOME=/rustup-home" "-m" "1536M" "--network" "none" "crater"`
Dec 02 08:28:25.831 INFO [stdout] 28772a41416ffd438617836777839db509b6ba9b7b27e136d05fb30aa4ca2467
Dec 02 08:28:25.834 INFO running `"docker" "start" "-a" "28772a41416ffd438617836777839db509b6ba9b7b27e136d05fb30aa4ca2467"`
Dec 02 08:28:27.207 INFO [stderr] usermod: no changes
Dec 02 08:28:27.427 INFO [stderr]     Finished dev [unoptimized + debuginfo] target(s) in 0.20s
Dec 02 08:28:27.445 INFO [stderr]      Running /target/debug/deps/reminder_bot-21cb1987a5ea3c68
Dec 02 08:28:27.447 INFO [stdout] 
Dec 02 08:28:27.448 INFO [stdout] running 5 tests
Dec 02 08:28:27.455 INFO [stdout] test tests::test_current_time ... ok
Dec 02 08:28:27.459 INFO [stdout] test tests::test_tomorrow_routine ... ok
Dec 02 08:28:27.663 INFO [stdout] test tests::test_in_routine ... ok
Dec 02 08:28:27.701 INFO [stdout] test tests::test_parse_reminder ... ok
Dec 02 08:28:27.702 INFO [stdout] test tests::test_extract_in_time ... ok
Dec 02 08:28:27.702 INFO [stdout] 
Dec 02 08:28:27.702 INFO [stdout] test result: ok. 5 passed; 0 failed; 0 ignored; 0 measured; 0 filtered out
Dec 02 08:28:27.702 INFO [stdout] 
Dec 02 08:28:27.704 INFO [stderr]      Running /target/debug/deps/reminder_bot-19d6f43eaa8e85c4
Dec 02 08:28:27.707 INFO [stdout] 
Dec 02 08:28:27.707 INFO [stdout] running 0 tests
Dec 02 08:28:27.707 INFO [stdout] 
Dec 02 08:28:27.707 INFO [stdout] test result: ok. 0 passed; 0 failed; 0 ignored; 0 measured; 0 filtered out
Dec 02 08:28:27.707 INFO [stdout] 
Dec 02 08:28:27.713 INFO [stderr]    Doc-tests reminder_bot
Dec 02 08:28:30.431 INFO [stdout] 
Dec 02 08:28:30.431 INFO [stdout] running 5 tests
Dec 02 08:28:43.807 INFO [stdout] test src/lib.rs - tomorrow_routine (line 157) ... ok
Dec 02 08:28:44.248 INFO [stdout] test src/lib.rs - current_time (line 64) ... ok
Dec 02 08:28:44.259 INFO [stdout] test src/lib.rs - in_routine (line 126) ... ok
Dec 02 08:28:45.057 INFO [stdout] test src/lib.rs - extract_in_time (line 177) ... ok
Dec 02 08:28:45.599 INFO [stdout] test src/lib.rs - parse_reminder (line 88) ... FAILED
Dec 02 08:28:45.599 INFO [stdout] 
Dec 02 08:28:45.599 INFO [stdout] failures:
Dec 02 08:28:45.599 INFO [stdout] 
Dec 02 08:28:45.599 INFO [stdout] ---- src/lib.rs - parse_reminder (line 88) stdout ----
Dec 02 08:28:45.599 INFO [stdout] thread 'src/lib.rs - parse_reminder (line 88)' panicked at 'test executable failed:
Dec 02 08:28:45.599 INFO [stdout] 
Dec 02 08:28:45.599 INFO [stdout] thread 'main' panicked at 'assertion failed: `(left == right)`
Dec 02 08:28:45.599 INFO [stdout]   left: `(1543739425, "to never to do something")`,
Dec 02 08:28:45.599 INFO [stdout]  right: `(1543739424, "to never to do something")`', src/lib.rs:8:1
Dec 02 08:28:45.599 INFO [stdout] stack backtrace:
Dec 02 08:28:45.599 INFO [stdout]    0:     0x55b50b6b8a1f - std::sys::unix::backtrace::tracing::imp::unwind_backtrace::h3a8b83e1922cbdde
Dec 02 08:28:45.599 INFO [stdout]                                at libstd/sys/unix/backtrace/tracing/gcc_s.rs:49
Dec 02 08:28:45.599 INFO [stdout]    1:     0x55b50b6c0c27 - std::sys_common::backtrace::print::h00d3155a29b4020f
Dec 02 08:28:45.599 INFO [stdout]                                at libstd/sys_common/backtrace.rs:71
Dec 02 08:28:45.599 INFO [stdout]                                at libstd/sys_common/backtrace.rs:59
Dec 02 08:28:45.599 INFO [stdout]    2:     0x55b50b6bbbcf - std::panicking::default_hook::{{closure}}::hd7465c742e79e1bb
Dec 02 08:28:45.599 INFO [stdout]                                at libstd/panicking.rs:211
Dec 02 08:28:45.599 INFO [stdout]    3:     0x55b50b6bb934 - std::panicking::default_hook::h9e3966f2aa2a6e12
Dec 02 08:28:45.599 INFO [stdout]                                at libstd/panicking.rs:227
Dec 02 08:28:45.599 INFO [stdout]    4:     0x55b50b6bc24e - std::panicking::rust_panic_with_hook::h587f091ae747d080
Dec 02 08:28:45.599 INFO [stdout]                                at libstd/panicking.rs:476
Dec 02 08:28:45.600 INFO [stdout]    5:     0x55b50b6bbdf1 - std::panicking::continue_panic_fmt::hb3a4fdede87f43a8
Dec 02 08:28:45.600 INFO [stdout]                                at libstd/panicking.rs:390
Dec 02 08:28:45.600 INFO [stdout]    6:     0x55b50b6bbd3e - std::panicking::begin_panic_fmt::h387afc7da9a10555
Dec 02 08:28:45.600 INFO [stdout]                                at libstd/panicking.rs:345
Dec 02 08:28:45.600 INFO [stdout]    7:     0x55b50b52df55 - rust_out::main::h944e552f3f67b4ba
Dec 02 08:28:45.600 INFO [stdout]    8:     0x55b50b52dcf2 - std::rt::lang_start::{{closure}}::h75e93374870778fd
Dec 02 08:28:45.600 INFO [stdout]    9:     0x55b50b6bbc72 - std::panicking::try::do_call::h52e7f80ff0fdcc45
Dec 02 08:28:45.600 INFO [stdout]                                at libstd/rt.rs:59
Dec 02 08:28:45.600 INFO [stdout]                                at libstd/panicking.rs:310
Dec 02 08:28:45.600 INFO [stdout]   10:     0x55b50b6cbbd9 - __rust_maybe_catch_panic
Dec 02 08:28:45.600 INFO [stdout]                                at libpanic_unwind/lib.rs:102
Dec 02 08:28:45.600 INFO [stdout]   11:     0x55b50b6b1a0a - std::rt::lang_start_internal::h38cae898de7f805c
Dec 02 08:28:45.600 INFO [stdout]                                at libstd/panicking.rs:289
Dec 02 08:28:45.600 INFO [stdout]                                at libstd/panic.rs:392
Dec 02 08:28:45.600 INFO [stdout]                                at libstd/rt.rs:58
Dec 02 08:28:45.600 INFO [stdout]   12:     0x55b50b52dcd4 - std::rt::lang_start::h75a65a13903c9f73
Dec 02 08:28:45.600 INFO [stdout]   13:     0x55b50b52df8a - main
Dec 02 08:28:45.600 INFO [stdout]   14:     0x7f72457e882f - __libc_start_main
Dec 02 08:28:45.600 INFO [stdout]   15:     0x55b50b52d618 - _start
Dec 02 08:28:45.600 INFO [stdout]   16:                0x0 - <unknown>
Dec 02 08:28:45.600 INFO [stdout] 
Dec 02 08:28:45.600 INFO [stdout] ', librustdoc/test.rs:367:17
Dec 02 08:28:45.600 INFO [stdout] stack backtrace:
Dec 02 08:28:45.600 INFO [stdout]    0:     0x7fac150f490f - std::sys::unix::backtrace::tracing::imp::unwind_backtrace::h3a8b83e1922cbdde
Dec 02 08:28:45.600 INFO [stdout]                                at libstd/sys/unix/backtrace/tracing/gcc_s.rs:49
Dec 02 08:28:45.600 INFO [stdout]    1:     0x7fac150d9897 - std::sys_common::backtrace::print::h00d3155a29b4020f
Dec 02 08:28:45.600 INFO [stdout]                                at libstd/sys_common/backtrace.rs:71
Dec 02 08:28:45.600 INFO [stdout]                                at libstd/sys_common/backtrace.rs:59
Dec 02 08:28:45.600 INFO [stdout]    2:     0x7fac150ffcef - std::panicking::default_hook::{{closure}}::hd7465c742e79e1bb
Dec 02 08:28:45.600 INFO [stdout]                                at libstd/panicking.rs:211
Dec 02 08:28:45.600 INFO [stdout]    3:     0x7fac150ff9ee - std::panicking::default_hook::h9e3966f2aa2a6e12
Dec 02 08:28:45.600 INFO [stdout]                                at libstd/panicking.rs:221
Dec 02 08:28:45.600 INFO [stdout]    4:     0x7fac1728a951 - rustc::util::common::panic_hook::h27965632b67fe74e
Dec 02 08:28:45.600 INFO [stdout]    5:     0x7fac151004e6 - std::panicking::rust_panic_with_hook::h587f091ae747d080
Dec 02 08:28:45.600 INFO [stdout]                                at libstd/panicking.rs:480
Dec 02 08:28:45.600 INFO [stdout]    6:     0x7fac15100031 - std::panicking::continue_panic_fmt::hb3a4fdede87f43a8
Dec 02 08:28:45.600 INFO [stdout]                                at libstd/panicking.rs:390
Dec 02 08:28:45.600 INFO [stdout]    7:     0x7fac150fff7e - std::panicking::begin_panic_fmt::h387afc7da9a10555
Dec 02 08:28:45.600 INFO [stdout]                                at libstd/panicking.rs:345
Dec 02 08:28:45.600 INFO [stdout]    8:     0x55d75a673ff8 - <rustdoc::test::Collector as rustdoc::test::Tester>::add_test::{{closure}}::{{closure}}::{{closure}}::h1a7d462b7674a13e
Dec 02 08:28:45.600 INFO [stdout]                                at librustdoc/test.rs:367
Dec 02 08:28:45.600 INFO [stdout]                                at librustdoc/test.rs:596
Dec 02 08:28:45.600 INFO [stdout]    9:     0x55d75a6291f8 - <scoped_tls::ScopedKey<T>>::set::h9a299037e2efdd79
Dec 02 08:28:45.600 INFO [stdout]                                at /cargo/registry/src/github.com-1ecc6299db9ec823/scoped-tls-0.1.2/src/lib.rs:155
Dec 02 08:28:45.600 INFO [stdout]                                at libsyntax/lib.rs:106
Dec 02 08:28:45.600 INFO [stdout]                                at /cargo/registry/src/github.com-1ecc6299db9ec823/scoped-tls-0.1.2/src/lib.rs:155
Dec 02 08:28:45.600 INFO [stdout]   10:     0x55d75a42d601 - syntax::with_globals::hc9a23e436a64729f
Dec 02 08:28:45.600 INFO [stdout]                                at libsyntax/lib.rs:105
Dec 02 08:28:45.600 INFO [stdout]   11:     0x55d75a4dfdbb - std::panicking::try::do_call::hd95e3a92339aa7c0
Dec 02 08:28:45.600 INFO [stdout]                                at librustdoc/test.rs:593
Dec 02 08:28:45.600 INFO [stdout]                                at libstd/panic.rs:313
Dec 02 08:28:45.600 INFO [stdout]                                at libstd/panicking.rs:310
Dec 02 08:28:45.600 INFO [stdout]   12:     0x7fac1510dcd9 - __rust_maybe_catch_panic
Dec 02 08:28:45.600 INFO [stdout]                                at libpanic_unwind/lib.rs:102
Dec 02 08:28:45.600 INFO [stdout]   13:     0x55d75a502f49 - rustc_driver::in_named_rustc_thread::h5d5326e5f9843b1f
Dec 02 08:28:45.600 INFO [stdout]                                at libstd/panicking.rs:289
Dec 02 08:28:45.600 INFO [stdout]                                at libstd/panic.rs:392
Dec 02 08:28:45.600 INFO [stdout]                                at librustc_driver/lib.rs:1546
Dec 02 08:28:45.600 INFO [stdout]   14:     0x55d75a641eb0 - <F as alloc::boxed::FnBox<A>>::call_box::h85b70bbf522f8d35
Dec 02 08:28:45.600 INFO [stdout]                                at librustdoc/test.rs:593
Dec 02 08:28:45.600 INFO [stdout]                                at liballoc/boxed.rs:672
Dec 02 08:28:45.600 INFO [stdout]   15:     0x7fac1676f022 - <F as alloc::boxed::FnBox<A>>::call_box::h37f4bb882553d58c
Dec 02 08:28:45.600 INFO [stdout]                                at libtest/lib.rs:1461
Dec 02 08:28:45.600 INFO [stdout]                                at liballoc/boxed.rs:672
Dec 02 08:28:45.600 INFO [stdout]   16:     0x7fac1510dcd9 - __rust_maybe_catch_panic
Dec 02 08:28:45.600 INFO [stdout]                                at libpanic_unwind/lib.rs:102
Dec 02 08:28:45.600 INFO [stdout]   17:     0x7fac16797462 - std::sys_common::backtrace::__rust_begin_short_backtrace::hb8f0d0309526c184
Dec 02 08:28:45.600 INFO [stdout]                                at libstd/panicking.rs:289
Dec 02 08:28:45.600 INFO [stdout]                                at libstd/panic.rs:392
Dec 02 08:28:45.600 INFO [stdout]                                at libtest/lib.rs:1423
Dec 02 08:28:45.600 INFO [stdout]                                at libstd/sys_common/backtrace.rs:136
Dec 02 08:28:45.600 INFO [stdout]   18:     0x7fac16798204 - std::panicking::try::do_call::hc2f7c8b9a348d8db
Dec 02 08:28:45.600 INFO [stdout]                                at libstd/thread/mod.rs:409
Dec 02 08:28:45.600 INFO [stdout]                                at libstd/panic.rs:313
Dec 02 08:28:45.600 INFO [stdout]                                at libstd/panicking.rs:310
Dec 02 08:28:45.600 INFO [stdout]   19:     0x7fac1510dcd9 - __rust_maybe_catch_panic
Dec 02 08:28:45.600 INFO [stdout]                                at libpanic_unwind/lib.rs:102
Dec 02 08:28:45.600 INFO [stdout]   20:     0x7fac1678094c - <F as alloc::boxed::FnBox<A>>::call_box::h6bfded618e480b32
Dec 02 08:28:45.600 INFO [stdout]                                at libstd/panicking.rs:289
Dec 02 08:28:45.600 INFO [stdout]                                at libstd/panic.rs:392
Dec 02 08:28:45.600 INFO [stdout]                                at libstd/thread/mod.rs:408
Dec 02 08:28:45.600 INFO [stdout]                                at liballoc/boxed.rs:672
Dec 02 08:28:45.600 INFO [stdout]   21:     0x7fac150fac9d - std::sys_common::thread::start_thread::h4c28257d67cdf9cb
Dec 02 08:28:45.600 INFO [stdout]                                at liballoc/boxed.rs:682
Dec 02 08:28:45.600 INFO [stdout]                                at libstd/sys_common/thread.rs:24
Dec 02 08:28:45.600 INFO [stdout]   22:     0x7fac150d04d5 - std::sys::unix::thread::Thread::new::thread_start::hfecb2e7eff8fd34f
Dec 02 08:28:45.601 INFO [stdout]                                at libstd/sys/unix/thread.rs:90
Dec 02 08:28:45.601 INFO [stdout]   23:     0x7fac14c5c6b9 - start_thread
Dec 02 08:28:45.601 INFO [stdout]   24:     0x7fac1477c41c - clone
Dec 02 08:28:45.601 INFO [stdout]   25:                0x0 - <unknown>
Dec 02 08:28:45.601 INFO [stdout] query stack during panic:
Dec 02 08:28:45.601 INFO [stdout] end of query stack
Dec 02 08:28:45.601 INFO [stdout] 
Dec 02 08:28:45.601 INFO [stdout] 
Dec 02 08:28:45.601 INFO [stdout] failures:
Dec 02 08:28:45.601 INFO [stdout]     src/lib.rs - parse_reminder (line 88)
Dec 02 08:28:45.601 INFO [stdout] 
Dec 02 08:28:45.601 INFO [stdout] test result: FAILED. 4 passed; 1 failed; 0 ignored; 0 measured; 0 filtered out
Dec 02 08:28:45.601 INFO [stdout] 
Dec 02 08:28:45.635 INFO [stderr] error: test failed, to rerun pass '--doc'
Dec 02 08:28:45.635 INFO [stderr] su: No module specific data is present
Dec 02 08:28:46.689 INFO running `"docker" "inspect" "28772a41416ffd438617836777839db509b6ba9b7b27e136d05fb30aa4ca2467"`
Dec 02 08:28:47.103 INFO running `"docker" "rm" "-f" "28772a41416ffd438617836777839db509b6ba9b7b27e136d05fb30aa4ca2467"`
Dec 02 08:28:47.359 INFO [stdout] 28772a41416ffd438617836777839db509b6ba9b7b27e136d05fb30aa4ca2467
